 29 is divided by t.
9
Suppose 4*y - 8 - 32 = 0. Calculate the remainder when 39 is divided by y.
9
Suppose 584 = 14*a - 186. Calculate the remainder when a is divided by 29.
26
Let f(u) = -7*u**2 + 18*u - 25. Let g(q) = 4*q**2 - 9*q + 13. Let k(r) = -3*f(r) - 5*g(r). Calculate the remainder when 2 is divided by k(8).
0
Let r be -20*(-5 - (-1 - -3)). Suppose -s - 17 = 2*k - 45, 5*s = -4*k + r. What is the remainder when s is divided by 10?
8
Let q(o) = o**3 - 11*o**2 - 13*o + 16. Let z = -36 - -50. What is the remainder when z is divided by q(12)?
2
Suppose 3*f - 1 + 7 = 0. Suppose 5*s = 3*s - 4*r + 18, 0 = 3*s - 4*r - 77. What is the remainder when f - (0 + 19*-2) is divided by s?
17
Let f = -12 + 9. Let o = 5 + f. What is the remainder when 3 is divided by o?
1
Suppose 7*z - 39 = -6*z. What is the remainder when z is divided by 3?
0
Let h(u) = -u + 14. Calculate the remainder when 23 is divided by h(8).
5
Suppose -3*g + 0 = -9. Let d be 3 + -5 + g*1. What is the remainder when 3 is divided by (d/3)/(2/12)?
1
Suppose l - 2 = 5. Let m = -26 + 30. What is the remainder when l is divided by m?
3
Let k = 23 - 11. What is the remainder when k is divided by 9?
3
Suppose -21 = 3*i - 6. Let h = i + 19. Let y = 6 + -1. Calculate the remainder when h is divided by y.
4
Suppose -18 + 2 = -4*w. Let s = -15 - -28. Calculate the remainder when s is divided by w.
1
Let v(d) = 2*d**2 - 3*d**2 + 3*d**2 + 2*d. What is the remainder when 12 + (-4 - -2) + 1 is divided by v(-2)?
3
Suppose 1 + 3 = 2*s. Suppose 0 = -0*y - 3*y + 132. Calculate the remainder when y is divided by (-20)/(-6)*9/s.
14
Let d = -14 - -15. Calculate the remainder when 1 is divided by d.
0
Suppose 5*i - 25 = 0, 0*i - 66 = -3*a + 3*i. Let g = 3 + a. Suppose 3*y = 6*y - g. Calculate the remainder when y is divided by 4.
2
Suppose 8 = v - 3*h - 3, 0 = 3*v + 4*h - 85. Calculate the remainder when 113 is divided by v.
21
Suppose -11*n + 6*n = -15. Calculate the remainder when n is divided by 2.
1
Suppose -4*i = 3*m - 47, 0*m + 3*m = i + 7. Suppose 3*p = -4*x + 136, i*x = 2*p + 3*x - 83. What is the remainder when p is divided by 23?
21
Let j(c) = 12*c - 8. What is the remainder when j(3) is divided by 15?
13
Suppose -30 = -6*a + 3*a. What is the remainder when 38 is divided by a?
8
Suppose 2*u + 6 = 3*y + 63, 47 = 2*u - 5*y. What is the remainder when 106 is divided by u?
34
Suppose 3*w + 22 = 3*f - 32, -3*w = 2*f - 51. What is the remainder when 31 is divided by f?
10
What is the remainder when 1 + (1 - (-54 - -3)) is divided by (56/((-4)/(-2)))/(0 - -2)?
11
Suppose -2*u + 54 = 2*b + 12, 3*u - 29 = -b. Calculate the remainder when 67 is divided by b.
16
Suppose -4*y + 21 = 1. Calculate the remainder when (0 + -16)*1*(-5)/10 is divided by y.
3
Let h(n) be the third derivative of -n**5/60 + 13*n**4/24 - n**3/6 - 5*n**2. Calculate the remainder when h(11) is divided by (-1)/(-3)*(2 - -31).
10
Let l be -55*1/(10/(-4)). Let u = l + -16. Suppose 3*n - 23 = 2*r, -3 = -2*r + 7. Calculate the remainder when n is divided by u.
5
Let h = 50 - 41. Calculate the remainder when h is divided by 5.
4
Let h = 7 + -1. Suppose -3*v - 72 = -h*v. Let d = 35 - v. What is the remainder when d is divided by 4?
3
Let z = -3 + 15. Calculate the remainder when 70 is divided by z.
10
Suppose 5*d + 5*y + 25 = 0, -5*d + 2*y = 5*y + 27. What is the remainder when (-1)/((-3)/d + -1) is divided by 1?
0
Let y = 0 - -17. Suppose -4*a = 16 + 52. Let f = y - a. What is the remainder when f is divided by 12?
10
Let r(a) = -1 - 2 + 4*a - 3*a + 5. Calculate the remainder when 39 is divided by r(6).
7
Suppose 46 = -0*d + 2*d. What is the remainder when 68 is divided by d?
22
Let d(h) = 2*h - 10. Let q be d(8). Suppose 3*f = f + q. What is the remainder when 20*(f + -2 + 0) is divided by 11?
9
Let q(t) = t + 3. Let k be 2/(-3) + 11/3. What is the remainder when 11 is divided by q(k)?
5
Let o = 20 - 1. What is the remainder when 92 is divided by o?
16
Let z(h) = 18*h - 11. What is the remainder when z(5) is divided by 20?
19
Calculate the remainder when 21 is divided by (11 - -1)*3/6.
3
Suppose 0 = -3*z + 1 + 5. Calculate the remainder when 6 is divided by z.
0
Calculate the remainder when 85/15 - 2/3 is divided by 3.
2
Let f be (-1 - 2) + (-15)/(-5). Suppose 2*j = -f*j + 42. Suppose 21 = -2*r + 5*h, -3*r + 2*h - 5*h = -j. Calculate the remainder when r is divided by 2.
0
Suppose -5*k = 51 - 206. Calculate the remainder when k is divided by ((-3)/2)/(15/(-160)).
15
Suppose 2*m = 30 + 20. Suppose 4*r - 11 = 2*c + 1, 26 = 4*r + 5*c. Suppose -r*o = -2*o - 18. Calculate the remainder when m is divided by o.
7
Let s(h) = h**3 + 7*h**2. Let d be s(-7). Suppose a - 4*a + 27 = d. Calculate the remainder when 26 is divided by a.
8
Suppose 10 = -5*c, 3*s + 2*c + 2*c - 307 = 0. Calculate the remainder when s is divided by 29.
18
Suppose 3*a = -2*q + 8, -5*q + 10 = a + 3. Let m = 3 - q. Let u = -1 - -4. Calculate the remainder when u is divided by m.
1
Suppose q + 3*k + 3 = 0, 3*q - 5*k - 56 = 5. Calculate the remainder when 34 is divided by q.
10
Suppose -w = 5*k - 2 + 10, 2*w + 5*k = -6. Suppose -w*z = -n + 18, -3*n + 8*z = 4*z - 60. Let f = -19 + 32. Calculate the remainder when n is divided by f.
11
Suppose -4*v = -0 - 8. Calculate the remainder when (-6)/2 + 24/3 is divided by v.
1
Suppose 3*c - c - 116 = 0. Calculate the remainder when c is divided by 15.
13
Suppose 1 = -2*c - m, -4*m + 2*m = -3*c + 2. Suppose -3*h + 158 = -0*f - f, c = -4*h - f + 213. Calculate the remainder when h is divided by 14.
11
Suppose 26 + 18 = -4*r. Let h = -6 - r. Let p(y) = 4*y**2 - 2*y + 1. What is the remainder when p(2) is divided by h?
3
Let d be 3 - (-5)/((-10)/4). Suppose 0 = q + d - 18. What is the remainder when q is divided by 10?
7
Suppose 0 = -3*h - 6*h + 108. Calculate the remainder when 47 is divided by h.
11
Suppose q - 5*c = 46, -4*q - 4*c + 0*c = -184. Let y = q - 6. Calculate the remainder when y is divided by 14.
12
What is the remainder when 2/3 + 206/6 is divided by -2*(-3 + 3 - 6)?
11
Calculate the remainder when 37 is divided by -1*(-2)/((-6)/(-39)).
11
Let r = -314 + 456. What is the remainder when r is divided by 6?
4
Let f = 6 - 2. Suppose -4*u = v - 6, -v - f*u + 6 = -8*u. Calculate the remainder when v is divided by 4.
2
Let o = -11 - -9. What is the remainder when (-3)/(6/11)*o is divided by 3?
2
Calculate the remainder when 79 is divided by (-1 - (3 + -44))/(2/2).
39
Suppose 3*x = -o + 6 - 9, -2*o - 4*x = -2. What is the remainder when 40 is divided by o?
4
Let t = 160 + -87. Calculate the remainder when t is divided by 26.
21
Suppose -4*t - 4*a - 12 = -0*a, -5*a = -5*t + 35. Suppose 4*c + 12 = 5*c. Calculate the remainder when t/3 + (-128)/(-6) is divided by c.
10
Suppose -v + 44 + 12 = 0. Calculate the remainder when v is divided by 19.
18
Let y = 197 - 115. What is the remainder when y is divided by 22?
16
Let j(p) = p - 6. Let y be j(8). Suppose -2*o + 6*o = -y*x + 22, 5*x - 68 = 3*o. Suppose -3*i + 25 = -2*i. Calculate the remainder when i is divided by x.
12
Let y(k) = 4 + 12*k + 6*k - 10*k + 21*k. What is the remainder when y(2) is divided by 16?
14
Let k(f) = -2*f**2 + 17*f - 11. Calculate the remainder when 130 is divided by k(6).
16
Suppose -3*m - 2*z = -32, -2*z + z = 4*m - 36. Calculate the remainder when 21 is divided by m.
5
Let d be -3*(0 - (3 - 4)) + 5. Let y(t) be the third derivative of t**5/60 + t**2. Calculate the remainder when 10 is divided by y(d).
2
Let w be (68/(-6))/(2/(-162)). What is the remainder when (-2)/(-11) - w/(-33) is divided by 10?
8
Suppose 31 = 4*h + f, -2*f + 27 = 4*h + 3*f. Let v = -38 + -4. Let q = v - -65. Calculate the remainder when q is divided by h.
7
Let i = 13 + -8. Suppose -t + 18 = u, i*u - 2*t = 4*u + 33. What is the remainder when u is divided by 12?
11
Suppose -844 - 306 = -5*b. What is the remainder when b is divided by 21?
20
Let l(n) = 5*n - 1. Let v be l(7). Suppose -b + 16 = 4*y - 17, -5*y = b - v. What is the remainder when 84 is divided by b?
26
Let m = -16 - -28. Let j(x) = x**2 - 5*x - 7. What is the remainder when m is divided by j(7)?
5
Let j(q) = -10*q + 1. Let d be j(1). Let z = d - -12. Suppose -z*t + 15 = 2*a + a, 3*t + a - 13 = 0. Calculate the remainder when 14